 d.
13
Let k(p) = p**3 + 8*p**2 - 6*p + 29. Let q be k(-9). Suppose 5*v + 257 + 20 = q*f, -5*f + 4*v = -650. Calculate the highest common divisor of f and 42.
42
Let j(p) = -p**3 + 14*p**2 + 82*p + 194. Let z be j(18). Calculate the greatest common factor of 66 and z.
22
Suppose -25 = 5*t + 25. Let p = 12 + t. Suppose 0 = -5*i + 4*k - 2, -12 = -4*i - 4*k + 8. What is the greatest common factor of p and i?
2
Suppose 4*g - 12 = 0, 0 = 4*x + 14*g - 11*g - 1413. Calculate the greatest common factor of x and 81.
27
Suppose -r + 27 = -4*g, 2*r - 41 = -5*g - 0*g. Suppose 0 = r*x - 30*x + 448. Calculate the highest common factor of x and 16.
16
Let f = 2778 + -2711. Calculate the greatest common factor of 4489 and f.
67
Let q be 0/1 - (5 - 30 - 3547). Calculate the highest common factor of 940 and q.
188
Suppose 4*p + 3*s + 15 = 0, -4*p + 7 - 16 = -3*s. Let m be (-14)/(-3)*p*6/(-12). Suppose -c = c - 56. Calculate the greatest common divisor of c and m.
7
Suppose 0 = -4*d - 3*g - 6, -33*g = 5*d - 32*g + 2. Suppose -12*z + 789 - 549 = d. What is the highest common factor of 230 and z?
10
Let q = 12 + -31. Let i = 23 + q. Let m be 2/9 + 136/36. What is the highest common divisor of m and i?
4
Let z = -19610 + 19666. Let k = 258 + 358. What is the greatest common factor of z and k?
56
Let i = 459 + -445. Let z(b) = 2*b**2 - 26*b - 2. Let j be z(i). What is the highest common factor of 156 and j?
26
Suppose 22485*d = 22488*d - 16704. What is the greatest common factor of d and 144?
48
Suppose 14 = -t + 6. Let n = 415 + -431. Let i be ((-72)/n)/((-6)/t). Calculate the greatest common factor of i and 42.
6
Suppose 20*o + 55968 = 36*o. Calculate the greatest common factor of 66 and o.
66
Suppose -4*z + 317 = -339. Suppose -3*u + 4*h + 133 = 0, 0 = 4*u - 5*h - 13 - z. Let x be -2*(0 + 1) + 331 + -28. What is the highest common factor of u and x?
43
Let w(n) be the first derivative of -11/2*n**2 + 15 - 1/4*n**4 - 6*n - 7/3*n**3. Let z be w(-6). Calculate the highest common factor of z and 24.
24
Let g(k) be the third derivative of -k**4/4 + 176*k**3/3 + 48*k**2. Let r be g(40). Calculate the greatest common divisor of 14 and r.
14
Let l be (5 - 25)*(-1 - 0). Suppose z + 4*b = -2*z + 26, -4*z + l = -2*b. Let k = 5429 - 5375. Calculate the greatest common divisor of k and z.
6
Let r = 17547 - 11863. Calculate the highest common divisor of r and 232.
116
Let b be (1/1)/((-4)/(-20)). Suppose 2*t - b*t = -9. Suppose -5*p + 73 = t*d, d - 4*p + 7 - 20 = 0. Calculate the greatest common divisor of d and 14.
7
Let q(c) = -1263*c + 11173. Let p be q(7). What is the highest common divisor of 748 and p?
44
Suppose 71*y + 25 = 66*y. Let z be 4*(-5)/50*y. Suppose -4*t - 2*k + 523 = -45, t = -z*k + 136. What is the greatest common divisor of t and 18?
18
Suppose 2*f + 5*i = 3*i + 74, 4*i - 108 = -3*f. Suppose 925*q = 922*q + 300. What is the highest common factor of q and f?
20
Let n = -8 - -14. Suppose 7*f - 63 = 3*f + 3*h, 4*f - 5*h = 73. Suppose -10*a + f = -n*a. Calculate the greatest common factor of 2 and a.
1
Suppose 0 = 5*a + 4 - 64. Let n = -20 - -32. Let r be n/((-9)/3) - -52. Calculate the highest common factor of a and r.
12
Let l be (-20)/(-14) - 1598654/(-406). What is the highest common factor of 78 and l?
39
Let g be (-5)/(-2) + 144/96. Suppose x + 2*y - 8 = 0, -5*x + g*x - 3*y + 11 = 0. Calculate the highest common factor of 82 and x.
2
Suppose 0 = -113*u - 45302 + 236046. What is the greatest common factor of 1 and u?
1
Let v(o) be the third derivative of 0 + 0*o + 11*o**2 - 13/3*o**3 + 1/4*o**4. Let a be v(9). What is the greatest common factor of a and 112?
28
Let h = 11947 - 11819. Calculate the highest common divisor of 1072 and h.
16
Suppose -127*l + 1292 = -110*l. Calculate the greatest common factor of 1178 and l.
38
Let c(w) = -3*w + 2. Let p = -5 + 4. Let q be 5*p*1 + (8 - 6). Let r be c(q). Calculate the highest common factor of r and 22.
11
Let a be 24/10*920/6. Let m = -326 + a. What is the greatest common factor of m and 56?
14
Let y(u) be the third derivative of 37*u**5/15 - 7*u**4/24 + u**3/6 - 27*u**2. Let d be y(1). Let v = d - 139. What is the highest common factor of v and 6?
3
Let m be 14/8 - 8/(-32). Let j be (240/64)/(m/136). Suppose 4*a - j = a. What is the highest common factor of a and 34?
17
Let k(t) = 5*t**3 - 2*t**2 - 31*t + 10. Let u be k(7). What is the highest common factor of u and 90?
30
Let j(o) be the third derivative of 0 + 0*o**4 + 10*o**2 - 1/120*o**6 + 2*o**3 + 1/12*o**5 + 0*o. Let n be j(5). Calculate the highest common factor of n and 6.
6
Suppose i = 3*i - 24. Suppose 213*j = 216*j - 27. Suppose -7*q - j = -51. Calculate the greatest common factor of i and q.
6
Suppose -12*m + 25684 = -2504. Calculate the greatest common divisor of 81 and m.
81
Let s(b) = -5*b - 6. Let h be s(-2). Let c be (-6)/h*26*-9. Let u be (-4)/48*-9 - c/(-12). What is the greatest common factor of 10 and u?
10
Suppose 0 = 15*p - 11*p. Suppose -15*f + 6*f + 1089 = p. Calculate the highest common factor of 11 and f.
11
Let t(g) = -g**3 - 22*g**2 + 39*g - 33. Let b be t(-24). Suppose -u + 3*i = 4*u - 271, -5*i = 3*u - b. What is the greatest common divisor of 14 and u?
14
Suppose -4 = -4*m - 0*m. Suppose -4*p - 2*y + 130 = 0, -2*y + 31 = 42*p - 41*p. Calculate the greatest common factor of p and m.
1
Let t = 39077 + -39074. Let y(h) = h**3 + 8*h**2 + 7*h - 3. Let m be y(-6). Calculate the highest common divisor of m and t.
3
Let w be 6*538 + -2 - (44 - 43). Suppose w = -5*l + 20*l. Calculate the greatest common divisor of 5 and l.
5
Let m = 45 + 5. Suppose 1369 = n + 3*k, 3*n = -k - 4*k + 4095. Suppose 310 = -14*i + n. Calculate the greatest common factor of i and m.
25
Suppose p - 124 = -50*z + 47*z, 0 = -4*z + p + 163. Calculate the greatest common divisor of z and 41.
41
Let t = -50 - -66. Suppose 21*r - 10 = t*r. Let c be (-9)/(-9) + 1 + r. What is the highest common divisor of c and 4?
4
Let w = 385 - 186. Let o = w + -191. Calculate the highest common divisor of o and 40.
8
Let q be 86/6 + 2*(-4)/24. Suppose -q*k - 570 = -20*k. Calculate the highest common divisor of k and 57.
19
Let f(y) = -185*y + 1513. Let p be f(8). Calculate the highest common divisor of p and 814.
11
Suppose s = 3*m + 460, -s + 99*m = 100*m - 444. Calculate the greatest common factor of s and 280.
56
Let f = 4539 - 4503. What is the highest common divisor of f and 196?
4
Suppose 0 = -86*f + 58*f + 224. What is the greatest common factor of 692 and f?
4
Suppose -w + 177 - 174 = 0. Suppose 3513 = 5*n - w*y, 4*n + 5*y = 6*y + 2809. What is the greatest common divisor of n and 78?
78
Let h be 127816/468 + (-5)/45. What is the greatest common divisor of h and 78?
39
Suppose 0*s + 4*s = 88. Suppose 12*v - 13*v = 5*c - 386, 3*c - 5*v - 226 = 0. What is the greatest common factor of s and c?
11
Suppose -9*d + 0*d = 14*d - 7544. What is the greatest common divisor of 369 and d?
41
Suppose -h - 4*q + 290 = 0, 1076 = 87*h - 83*h + 2*q. What is the greatest common divisor of h and 418?
38
Let j = 564 - 399. Let a = -179 + 186. Suppose q = -a*q + 264. Calculate the greatest common divisor of j and q.
33
Let t(i) = -2*i + 15. Let u be t(1). Suppose 19*q = u*q + 1620. Calculate the highest common divisor of q and 54.
54
Let k(u) = -u**3 - 9*u**2 - 4*u + 107. Let v be k(-8). Calculate the greatest common divisor of v and 1695.
15
Let i(j) = -12*j**3 + j**2 + 6*j + 5. Let c be i(-3). Suppose -5*a = -5*k - c, -3*a + 174 + 10 = 5*k. Calculate the greatest common factor of 1197 and a.
63
Let v(x) = 57 + 3*x + 9*x - x. Let d be v(-4). Suppose -2*w = 3*w - 455. Calculate the highest common factor of d and w.
13
Suppose -j + 41 - 129 = 0. Let q be (j/(-14))/(6/21). Suppose 4*b - 16 = 0, -5*k + 4*b = -0*b - 39. What is the highest common factor of q and k?
11
Let b be (3 - (-22)/(-6))/((-4)/12). Suppose i = -2*p - 6, 2*i - 4*i - b = -p. Let q be (i - -2) + 0 + -2 + 11. What is the highest common divisor of 36 and q?
9
Suppose 0 + 6 = p. Let j be 5 - ((-14 - 58) + -13). What is the greatest common factor of j and p?
6
Let s be (-9)/((-45)/4) + 12/60. Let x be (5 - 5 - s)*-94. What is the greatest common divisor of x and 423?
47
Let q be (1 + (-6)/9)*(-12 + 2 + 43). Calculate the highest